{"id":1949,"date":"2025-01-08T11:48:14","date_gmt":"2025-01-08T11:48:14","guid":{"rendered":"https:\/\/demo.awaikenthemes.com\/lenity\/?page_id=1949"},"modified":"2025-07-28T07:02:10","modified_gmt":"2025-07-28T07:02:10","slug":"image-gallery","status":"publish","type":"page","link":"https:\/\/ikram.teknomatyazilim.com\/index.php\/image-gallery\/","title":{"rendered":"Galeri"},"content":{"rendered":"\t\t<div data-elementor-type=\"wp-page\" data-elementor-id=\"1949\" class=\"elementor elementor-1949\">\n\t\t\t\t<div data-ekitparallax=\"{&quot;ekit_section_parallax_bg&quot;:&quot;yes&quot;,&quot;ekit_section_parallax_bg_speed&quot;:0.5,&quot;elementor_lazy_load&quot;:&quot;1&quot;}\" class=\"elementor-element elementor-element-a3457f6 page-hero-section e-flex e-con-boxed e-con e-parent\" data-id=\"a3457f6\" data-element_type=\"container\" data-settings=\"{&quot;background_background&quot;:&quot;classic&quot;}\">\n\t\t\t\t\t<div class=\"e-con-inner\">\n\t\t<div class=\"elementor-element elementor-element-6b06a3b e-con-full e-flex e-con e-child\" data-id=\"6b06a3b\" data-element_type=\"container\">\n\t\t\t\t<div class=\"elementor-element elementor-element-d86ff82 at-heading-animation at-animation-heading-style-2 elementor-widget elementor-widget-heading\" data-id=\"d86ff82\" data-element_type=\"widget\" data-settings=\"{&quot;ekit_we_effect_on&quot;:&quot;none&quot;}\" data-widget_type=\"heading.default\">\n\t\t\t\t\t<h1 class=\"elementor-heading-title elementor-size-default\"><span> Galeri <\/span><\/h1>\t\t\t\t<\/div>\n\t\t\t\t<div class=\"elementor-element elementor-element-2ee29b3 elementor-invisible elementor-widget elementor-widget-elementskit-breadcrumb\" data-id=\"2ee29b3\" data-element_type=\"widget\" data-settings=\"{&quot;_animation&quot;:&quot;fadeInUp&quot;,&quot;ekit_we_effect_on&quot;:&quot;none&quot;}\" data-widget_type=\"elementskit-breadcrumb.default\">\n\t\t\t\t<div class=\"elementor-widget-container\">\n\t\t\t\t\t<div class=\"ekit-wid-con\" ><ol class=\"ekit-breadcrumb\"><li class=\"ekit_breadcrumbs_start\"><a href=\"https:\/\/ikram.teknomatyazilim.com\">Home<\/a><\/li><\/ol><\/div>\t\t\t\t<\/div>\n\t\t\t\t<\/div>\n\t\t\t\t<\/div>\n\t\t\t\t\t<\/div>\n\t\t\t\t<\/div>\n\t\t<div class=\"elementor-element elementor-element-6f63e7d e-flex e-con-boxed e-con e-parent\" data-id=\"6f63e7d\" data-element_type=\"container\">\n\t\t\t\t\t<div class=\"e-con-inner\">\n\t\t<div class=\"elementor-element elementor-element-cbe4f0f e-con-full e-flex elementor-invisible e-con e-child\" data-id=\"cbe4f0f\" data-element_type=\"container\" data-settings=\"{&quot;animation&quot;:&quot;fadeInUp&quot;}\">\n\t\t\t\t<div class=\"elementor-element elementor-element-b40b952 gallery-spacing-custom page-gallery-box elementor-widget elementor-widget-image-gallery\" data-id=\"b40b952\" data-element_type=\"widget\" data-settings=\"{&quot;ekit_we_effect_on&quot;:&quot;none&quot;}\" data-widget_type=\"image-gallery.default\">\n\t\t\t\t\t\t\t<div class=\"elementor-image-gallery\">\n\t\t\t<div id='gallery-1' class='gallery galleryid-1949 gallery-columns-3 gallery-size-full'><figure class='gallery-item'>\n\t\t\t<div class='gallery-icon landscape'>\n\t\t\t\t<a data-elementor-open-lightbox=\"yes\" data-elementor-lightbox-slideshow=\"b40b952\" data-elementor-lightbox-title=\"ders\" data-e-action-hash=\"#elementor-action%3Aaction%3Dlightbox%26settings%3DeyJpZCI6MTUwMzcsInVybCI6Imh0dHBzOlwvXC9pa3JhbS50ZWtub21hdHlhemlsaW0uY29tXC93cC1jb250ZW50XC91cGxvYWRzXC8yMDI1XC8wN1wvZGVycy5qcGciLCJzbGlkZXNob3ciOiJiNDBiOTUyIn0%3D\" href='https:\/\/ikram.teknomatyazilim.com\/wp-content\/uploads\/2025\/07\/ders.jpg'><img fetchpriority=\"high\" decoding=\"async\" width=\"2304\" height=\"1792\" src=\"https:\/\/ikram.teknomatyazilim.com\/wp-content\/uploads\/2025\/07\/ders.jpg\" class=\"attachment-full size-full\" alt=\"\" srcset=\"https:\/\/ikram.teknomatyazilim.com\/wp-content\/uploads\/2025\/07\/ders.jpg 2304w, https:\/\/ikram.teknomatyazilim.com\/wp-content\/uploads\/2025\/07\/ders-300x233.jpg 300w, https:\/\/ikram.teknomatyazilim.com\/wp-content\/uploads\/2025\/07\/ders-1024x796.jpg 1024w, https:\/\/ikram.teknomatyazilim.com\/wp-content\/uploads\/2025\/07\/ders-768x597.jpg 768w, https:\/\/ikram.teknomatyazilim.com\/wp-content\/uploads\/2025\/07\/ders-1536x1195.jpg 1536w, https:\/\/ikram.teknomatyazilim.com\/wp-content\/uploads\/2025\/07\/ders-2048x1593.jpg 2048w\" sizes=\"(max-width: 2304px) 100vw, 2304px\" \/><\/a>\n\t\t\t<\/div><\/figure><figure class='gallery-item'>\n\t\t\t<div class='gallery-icon landscape'>\n\t\t\t\t<a data-elementor-open-lightbox=\"yes\" data-elementor-lightbox-slideshow=\"b40b952\" data-elementor-lightbox-title=\"babao\u011ful\" data-e-action-hash=\"#elementor-action%3Aaction%3Dlightbox%26settings%3DeyJpZCI6MTUwMTgsInVybCI6Imh0dHBzOlwvXC9pa3JhbS50ZWtub21hdHlhemlsaW0uY29tXC93cC1jb250ZW50XC91cGxvYWRzXC8yMDI1XC8wN1wvYmFiYW9ndWwuanBnIiwic2xpZGVzaG93IjoiYjQwYjk1MiJ9\" href='https:\/\/ikram.teknomatyazilim.com\/wp-content\/uploads\/2025\/07\/babaogul.jpg'><img decoding=\"async\" width=\"2304\" height=\"1792\" src=\"https:\/\/ikram.teknomatyazilim.com\/wp-content\/uploads\/2025\/07\/babaogul.jpg\" class=\"attachment-full size-full\" alt=\"\" srcset=\"https:\/\/ikram.teknomatyazilim.com\/wp-content\/uploads\/2025\/07\/babaogul.jpg 2304w, https:\/\/ikram.teknomatyazilim.com\/wp-content\/uploads\/2025\/07\/babaogul-300x233.jpg 300w, https:\/\/ikram.teknomatyazilim.com\/wp-content\/uploads\/2025\/07\/babaogul-1024x796.jpg 1024w, https:\/\/ikram.teknomatyazilim.com\/wp-content\/uploads\/2025\/07\/babaogul-768x597.jpg 768w, https:\/\/ikram.teknomatyazilim.com\/wp-content\/uploads\/2025\/07\/babaogul-1536x1195.jpg 1536w, https:\/\/ikram.teknomatyazilim.com\/wp-content\/uploads\/2025\/07\/babaogul-2048x1593.jpg 2048w\" sizes=\"(max-width: 2304px) 100vw, 2304px\" \/><\/a>\n\t\t\t<\/div><\/figure><figure class='gallery-item'>\n\t\t\t<div class='gallery-icon landscape'>\n\t\t\t\t<a data-elementor-open-lightbox=\"yes\" data-elementor-lightbox-slideshow=\"b40b952\" data-elementor-lightbox-title=\"yemek\" data-e-action-hash=\"#elementor-action%3Aaction%3Dlightbox%26settings%3DeyJpZCI6MTUwMjIsInVybCI6Imh0dHBzOlwvXC9pa3JhbS50ZWtub21hdHlhemlsaW0uY29tXC93cC1jb250ZW50XC91cGxvYWRzXC8yMDI1XC8wN1wveWVtZWsuanBnIiwic2xpZGVzaG93IjoiYjQwYjk1MiJ9\" href='https:\/\/ikram.teknomatyazilim.com\/wp-content\/uploads\/2025\/07\/yemek.jpg'><img decoding=\"async\" width=\"2304\" height=\"1792\" src=\"https:\/\/ikram.teknomatyazilim.com\/wp-content\/uploads\/2025\/07\/yemek.jpg\" class=\"attachment-full size-full\" alt=\"\" srcset=\"https:\/\/ikram.teknomatyazilim.com\/wp-content\/uploads\/2025\/07\/yemek.jpg 2304w, https:\/\/ikram.teknomatyazilim.com\/wp-content\/uploads\/2025\/07\/yemek-300x233.jpg 300w, https:\/\/ikram.teknomatyazilim.com\/wp-content\/uploads\/2025\/07\/yemek-1024x796.jpg 1024w, https:\/\/ikram.teknomatyazilim.com\/wp-content\/uploads\/2025\/07\/yemek-768x597.jpg 768w, https:\/\/ikram.teknomatyazilim.com\/wp-content\/uploads\/2025\/07\/yemek-1536x1195.jpg 1536w, https:\/\/ikram.teknomatyazilim.com\/wp-content\/uploads\/2025\/07\/yemek-2048x1593.jpg 2048w\" sizes=\"(max-width: 2304px) 100vw, 2304px\" \/><\/a>\n\t\t\t<\/div><\/figure><figure class='gallery-item'>\n\t\t\t<div class='gallery-icon landscape'>\n\t\t\t\t<a data-elementor-open-lightbox=\"yes\" data-elementor-lightbox-slideshow=\"b40b952\" data-elementor-lightbox-title=\"yemek1\" data-e-action-hash=\"#elementor-action%3Aaction%3Dlightbox%26settings%3DeyJpZCI6MTUwMjEsInVybCI6Imh0dHBzOlwvXC9pa3JhbS50ZWtub21hdHlhemlsaW0uY29tXC93cC1jb250ZW50XC91cGxvYWRzXC8yMDI1XC8wN1wveWVtZWsxLmpwZyIsInNsaWRlc2hvdyI6ImI0MGI5NTIifQ%3D%3D\" href='https:\/\/ikram.teknomatyazilim.com\/wp-content\/uploads\/2025\/07\/yemek1.jpg'><img loading=\"lazy\" decoding=\"async\" width=\"2304\" height=\"1792\" src=\"https:\/\/ikram.teknomatyazilim.com\/wp-content\/uploads\/2025\/07\/yemek1.jpg\" class=\"attachment-full size-full\" alt=\"\" srcset=\"https:\/\/ikram.teknomatyazilim.com\/wp-content\/uploads\/2025\/07\/yemek1.jpg 2304w, https:\/\/ikram.teknomatyazilim.com\/wp-content\/uploads\/2025\/07\/yemek1-300x233.jpg 300w, https:\/\/ikram.teknomatyazilim.com\/wp-content\/uploads\/2025\/07\/yemek1-1024x796.jpg 1024w, https:\/\/ikram.teknomatyazilim.com\/wp-content\/uploads\/2025\/07\/yemek1-768x597.jpg 768w, https:\/\/ikram.teknomatyazilim.com\/wp-content\/uploads\/2025\/07\/yemek1-1536x1195.jpg 1536w, https:\/\/ikram.teknomatyazilim.com\/wp-content\/uploads\/2025\/07\/yemek1-2048x1593.jpg 2048w\" sizes=\"(max-width: 2304px) 100vw, 2304px\" \/><\/a>\n\t\t\t<\/div><\/figure><figure class='gallery-item'>\n\t\t\t<div class='gallery-icon landscape'>\n\t\t\t\t<a data-elementor-open-lightbox=\"yes\" data-elementor-lightbox-slideshow=\"b40b952\" data-elementor-lightbox-title=\"yard\u0131m2\" data-e-action-hash=\"#elementor-action%3Aaction%3Dlightbox%26settings%3DeyJpZCI6MTUwMzQsInVybCI6Imh0dHBzOlwvXC9pa3JhbS50ZWtub21hdHlhemlsaW0uY29tXC93cC1jb250ZW50XC91cGxvYWRzXC8yMDI1XC8wN1wveWFyZGltMi5qcGciLCJzbGlkZXNob3ciOiJiNDBiOTUyIn0%3D\" href='https:\/\/ikram.teknomatyazilim.com\/wp-content\/uploads\/2025\/07\/yardim2.jpg'><img loading=\"lazy\" decoding=\"async\" width=\"2304\" height=\"1792\" src=\"https:\/\/ikram.teknomatyazilim.com\/wp-content\/uploads\/2025\/07\/yardim2.jpg\" class=\"attachment-full size-full\" alt=\"\" srcset=\"https:\/\/ikram.teknomatyazilim.com\/wp-content\/uploads\/2025\/07\/yardim2.jpg 2304w, https:\/\/ikram.teknomatyazilim.com\/wp-content\/uploads\/2025\/07\/yardim2-300x233.jpg 300w, https:\/\/ikram.teknomatyazilim.com\/wp-content\/uploads\/2025\/07\/yardim2-1024x796.jpg 1024w, https:\/\/ikram.teknomatyazilim.com\/wp-content\/uploads\/2025\/07\/yardim2-768x597.jpg 768w, https:\/\/ikram.teknomatyazilim.com\/wp-content\/uploads\/2025\/07\/yardim2-1536x1195.jpg 1536w, https:\/\/ikram.teknomatyazilim.com\/wp-content\/uploads\/2025\/07\/yardim2-2048x1593.jpg 2048w\" sizes=\"(max-width: 2304px) 100vw, 2304px\" \/><\/a>\n\t\t\t<\/div><\/figure><figure class='gallery-item'>\n\t\t\t<div class='gallery-icon landscape'>\n\t\t\t\t<a data-elementor-open-lightbox=\"yes\" data-elementor-lightbox-slideshow=\"b40b952\" data-elementor-lightbox-title=\"anne\u00e7ocuk\" data-e-action-hash=\"#elementor-action%3Aaction%3Dlightbox%26settings%3DeyJpZCI6MTUwMzIsInVybCI6Imh0dHBzOlwvXC9pa3JhbS50ZWtub21hdHlhemlsaW0uY29tXC93cC1jb250ZW50XC91cGxvYWRzXC8yMDI1XC8wN1wvYW5uZWNvY3VrLTEuanBnIiwic2xpZGVzaG93IjoiYjQwYjk1MiJ9\" href='https:\/\/ikram.teknomatyazilim.com\/wp-content\/uploads\/2025\/07\/annecocuk-1.jpg'><img loading=\"lazy\" decoding=\"async\" width=\"2304\" height=\"1792\" src=\"https:\/\/ikram.teknomatyazilim.com\/wp-content\/uploads\/2025\/07\/annecocuk-1.jpg\" class=\"attachment-full size-full\" alt=\"\" srcset=\"https:\/\/ikram.teknomatyazilim.com\/wp-content\/uploads\/2025\/07\/annecocuk-1.jpg 2304w, https:\/\/ikram.teknomatyazilim.com\/wp-content\/uploads\/2025\/07\/annecocuk-1-300x233.jpg 300w, https:\/\/ikram.teknomatyazilim.com\/wp-content\/uploads\/2025\/07\/annecocuk-1-1024x796.jpg 1024w, https:\/\/ikram.teknomatyazilim.com\/wp-content\/uploads\/2025\/07\/annecocuk-1-768x597.jpg 768w, https:\/\/ikram.teknomatyazilim.com\/wp-content\/uploads\/2025\/07\/annecocuk-1-1536x1195.jpg 1536w, https:\/\/ikram.teknomatyazilim.com\/wp-content\/uploads\/2025\/07\/annecocuk-1-2048x1593.jpg 2048w\" sizes=\"(max-width: 2304px) 100vw, 2304px\" \/><\/a>\n\t\t\t<\/div><\/figure><figure class='gallery-item'>\n\t\t\t<div class='gallery-icon landscape'>\n\t\t\t\t<a data-elementor-open-lightbox=\"yes\" data-elementor-lightbox-slideshow=\"b40b952\" data-elementor-lightbox-title=\"sa\u011fl\u0131k\" data-e-action-hash=\"#elementor-action%3Aaction%3Dlightbox%26settings%3DeyJpZCI6MTUwMzAsInVybCI6Imh0dHBzOlwvXC9pa3JhbS50ZWtub21hdHlhemlsaW0uY29tXC93cC1jb250ZW50XC91cGxvYWRzXC8yMDI1XC8wN1wvc2FnbGlrLmpwZyIsInNsaWRlc2hvdyI6ImI0MGI5NTIifQ%3D%3D\" href='https:\/\/ikram.teknomatyazilim.com\/wp-content\/uploads\/2025\/07\/saglik.jpg'><img loading=\"lazy\" decoding=\"async\" width=\"2304\" height=\"1792\" src=\"https:\/\/ikram.teknomatyazilim.com\/wp-content\/uploads\/2025\/07\/saglik.jpg\" class=\"attachment-full size-full\" alt=\"\" srcset=\"https:\/\/ikram.teknomatyazilim.com\/wp-content\/uploads\/2025\/07\/saglik.jpg 2304w, https:\/\/ikram.teknomatyazilim.com\/wp-content\/uploads\/2025\/07\/saglik-300x233.jpg 300w, https:\/\/ikram.teknomatyazilim.com\/wp-content\/uploads\/2025\/07\/saglik-1024x796.jpg 1024w, https:\/\/ikram.teknomatyazilim.com\/wp-content\/uploads\/2025\/07\/saglik-768x597.jpg 768w, https:\/\/ikram.teknomatyazilim.com\/wp-content\/uploads\/2025\/07\/saglik-1536x1195.jpg 1536w, https:\/\/ikram.teknomatyazilim.com\/wp-content\/uploads\/2025\/07\/saglik-2048x1593.jpg 2048w\" sizes=\"(max-width: 2304px) 100vw, 2304px\" \/><\/a>\n\t\t\t<\/div><\/figure><figure class='gallery-item'>\n\t\t\t<div class='gallery-icon landscape'>\n\t\t\t\t<a data-elementor-open-lightbox=\"yes\" data-elementor-lightbox-slideshow=\"b40b952\" data-elementor-lightbox-title=\"e\u011fitimyard\u0131m\u0131\" data-e-action-hash=\"#elementor-action%3Aaction%3Dlightbox%26settings%3DeyJpZCI6MTUwMDcsInVybCI6Imh0dHBzOlwvXC9pa3JhbS50ZWtub21hdHlhemlsaW0uY29tXC93cC1jb250ZW50XC91cGxvYWRzXC8yMDI1XC8wN1wvZWdpdGlteWFyZGltaS5qcGciLCJzbGlkZXNob3ciOiJiNDBiOTUyIn0%3D\" href='https:\/\/ikram.teknomatyazilim.com\/wp-content\/uploads\/2025\/07\/egitimyardimi.jpg'><img loading=\"lazy\" decoding=\"async\" width=\"2304\" height=\"1792\" src=\"https:\/\/ikram.teknomatyazilim.com\/wp-content\/uploads\/2025\/07\/egitimyardimi.jpg\" class=\"attachment-full size-full\" alt=\"\" srcset=\"https:\/\/ikram.teknomatyazilim.com\/wp-content\/uploads\/2025\/07\/egitimyardimi.jpg 2304w, https:\/\/ikram.teknomatyazilim.com\/wp-content\/uploads\/2025\/07\/egitimyardimi-300x233.jpg 300w, https:\/\/ikram.teknomatyazilim.com\/wp-content\/uploads\/2025\/07\/egitimyardimi-1024x796.jpg 1024w, https:\/\/ikram.teknomatyazilim.com\/wp-content\/uploads\/2025\/07\/egitimyardimi-768x597.jpg 768w, https:\/\/ikram.teknomatyazilim.com\/wp-content\/uploads\/2025\/07\/egitimyardimi-1536x1195.jpg 1536w, https:\/\/ikram.teknomatyazilim.com\/wp-content\/uploads\/2025\/07\/egitimyardimi-2048x1593.jpg 2048w\" sizes=\"(max-width: 2304px) 100vw, 2304px\" \/><\/a>\n\t\t\t<\/div><\/figure><figure class='gallery-item'>\n\t\t\t<div class='gallery-icon landscape'>\n\t\t\t\t<a data-elementor-open-lightbox=\"yes\" data-elementor-lightbox-slideshow=\"b40b952\" data-elementor-lightbox-title=\"\u00e7ocukllar\" data-e-action-hash=\"#elementor-action%3Aaction%3Dlightbox%26settings%3DeyJpZCI6MTUwMzYsInVybCI6Imh0dHBzOlwvXC9pa3JhbS50ZWtub21hdHlhemlsaW0uY29tXC93cC1jb250ZW50XC91cGxvYWRzXC8yMDI1XC8wN1wvY29jdWtsbGFyLmpwZyIsInNsaWRlc2hvdyI6ImI0MGI5NTIifQ%3D%3D\" href='https:\/\/ikram.teknomatyazilim.com\/wp-content\/uploads\/2025\/07\/cocukllar.jpg'><img loading=\"lazy\" decoding=\"async\" width=\"2304\" height=\"1792\" src=\"https:\/\/ikram.teknomatyazilim.com\/wp-content\/uploads\/2025\/07\/cocukllar.jpg\" class=\"attachment-full size-full\" alt=\"\" srcset=\"https:\/\/ikram.teknomatyazilim.com\/wp-content\/uploads\/2025\/07\/cocukllar.jpg 2304w, https:\/\/ikram.teknomatyazilim.com\/wp-content\/uploads\/2025\/07\/cocukllar-300x233.jpg 300w, https:\/\/ikram.teknomatyazilim.com\/wp-content\/uploads\/2025\/07\/cocukllar-1024x796.jpg 1024w, https:\/\/ikram.teknomatyazilim.com\/wp-content\/uploads\/2025\/07\/cocukllar-768x597.jpg 768w, https:\/\/ikram.teknomatyazilim.com\/wp-content\/uploads\/2025\/07\/cocukllar-1536x1195.jpg 1536w, https:\/\/ikram.teknomatyazilim.com\/wp-content\/uploads\/2025\/07\/cocukllar-2048x1593.jpg 2048w\" sizes=\"(max-width: 2304px) 100vw, 2304px\" \/><\/a>\n\t\t\t<\/div><\/figure>\n\t\t<\/div>\n\t\t<\/div>\n\t\t\t\t\t\t<\/div>\n\t\t\t\t<\/div>\n\t\t\t\t\t<\/div>\n\t\t\t\t<\/div>\n\t\t\t\t<\/div>\n\t\t","protected":false},"excerpt":{"rendered":"<p>Galeri Home<\/p>\n","protected":false},"author":1,"featured_media":0,"parent":0,"menu_order":0,"comment_status":"closed","ping_status":"closed","template":"elementor_header_footer","meta":{"give_campaign_id":0,"footnotes":""},"class_list":["post-1949","page","type-page","status-publish","hentry"],"campaignId":"","_links":{"self":[{"href":"https:\/\/ikram.teknomatyazilim.com\/index.php\/wp-json\/wp\/v2\/pages\/1949","targetHints":{"allow":["GET"]}}],"collection":[{"href":"https:\/\/ikram.teknomatyazilim.com\/index.php\/wp-json\/wp\/v2\/pages"}],"about":[{"href":"https:\/\/ikram.teknomatyazilim.com\/index.php\/wp-json\/wp\/v2\/types\/page"}],"author":[{"embeddable":true,"href":"https:\/\/ikram.teknomatyazilim.com\/index.php\/wp-json\/wp\/v2\/users\/1"}],"replies":[{"embeddable":true,"href":"https:\/\/ikram.teknomatyazilim.com\/index.php\/wp-json\/wp\/v2\/comments?post=1949"}],"version-history":[{"count":11,"href":"https:\/\/ikram.teknomatyazilim.com\/index.php\/wp-json\/wp\/v2\/pages\/1949\/revisions"}],"predecessor-version":[{"id":15043,"href":"https:\/\/ikram.teknomatyazilim.com\/index.php\/wp-json\/wp\/v2\/pages\/1949\/revisions\/15043"}],"wp:attachment":[{"href":"https:\/\/ikram.teknomatyazilim.com\/index.php\/wp-json\/wp\/v2\/media?parent=1949"}],"curies":[{"name":"wp","href":"https:\/\/api.w.org\/{rel}","templated":true}]}}